{"id":112,"date":"2025-08-08T20:42:30","date_gmt":"2025-08-08T20:42:30","guid":{"rendered":"https:\/\/transparencia.pihuamo.gob.mx\/?page_id=112"},"modified":"2025-08-08T20:42:30","modified_gmt":"2025-08-08T20:42:30","slug":"e-los-programas-regionales","status":"publish","type":"page","link":"https:\/\/transparencia.pihuamo.gob.mx\/index.php\/e-los-programas-regionales\/","title":{"rendered":"e) Los programas regionales;"},"content":{"rendered":"<p><a href=\"https:\/\/view.officeapps.live.com\/op\/view.aspx?src=https%3A%2F%2Ftransparencia.info.jalisco.gob.mx%2Fsites%2Fdefault%2Ffiles%2F%2FPrograma%2520Estrat%25C3%25A9gico%2520Preliminar%2520JIRCO%25202012-2015%2520%252819%2520sep%252012%2529.docx&amp;wdOrigin=BROWSELINK\">Programa Estrat\u00e9gico Preliminar JIRCO 2012-2015 (19 sep 12).docx<\/a><\/p>\n<p><a href=\"https:\/\/transparencia.info.jalisco.gob.mx\/sites\/default\/files\/\/plan_de_desarrollo_region_05_sureste_vp1_6.pdf\">transparencia.info.jalisco.gob.mx\/sites\/default\/files\/\/plan_de_desarrollo_region_05_sureste_vp1_6.pdf<\/a><\/p>\n<p><a href=\"https:\/\/transparencia.info.jalisco.gob.mx\/sites\/default\/files\/\/fondereg2014_0.pdf\">transparencia.info.jalisco.gob.mx\/sites\/default\/files\/\/fondereg2014_0.pdf<\/a><\/p>\n<p><a href=\"https:\/\/transparencia.info.jalisco.gob.mx\/sites\/default\/files\/\/DOFJ11-22-14-xii.pdf\">DOFJ11-22-14-xii.pdf<\/a><\/p>\n<p><a href=\"https:\/\/transparencia.info.jalisco.gob.mx\/sites\/default\/files\/\/Convenio%20Desarrollo%20Regional%2020140001_2.pdf\">Convenio Desarrollo Regional 20140001_2.pdf<\/a><\/p>\n","protected":false},"excerpt":{"rendered":"<p>Programa Estrat\u00e9gico Preliminar JIRCO 2012-2015 (19 sep 12).docx transparencia.info.jalisco.gob.mx\/sites\/default\/files\/\/plan_de_desarrollo_region_05_sureste_vp1_6.pdf transparencia.info.jalisco.gob.mx\/sites\/default\/files\/\/fondereg2014_0.pdf DOFJ11-22-14-xii.pdf Convenio Desarrollo Regional 20140001_2.pdf<\/p>\n","protected":false},"author":1,"featured_media":0,"parent":0,"menu_order":0,"comment_status":"closed","ping_status":"closed","template":"","meta":{"footnotes":""},"class_list":["post-112","page","type-page","status-publish","hentry"],"yoast_head":"<!-- This site is optimized with the Yoast SEO plugin v25.5 - https:\/\/yoast.com\/wordpress\/plugins\/seo\/ -->\n<title>e) Los programas regionales; - TRANSPARENCIA PIHUAMO<\/title>\n<meta name=\"robots\" content=\"index, follow, max-snippet:-1, max-image-preview:large, max-video-preview:-1\" \/>\n<link rel=\"canonical\" href=\"https:\/\/transparencia.pihuamo.gob.mx\/index.php\/e-los-programas-regionales\/\" \/>\n<meta property=\"og:locale\" content=\"es_ES\" \/>\n<meta property=\"og:type\" content=\"article\" \/>\n<meta property=\"og:title\" content=\"e) Los programas regionales; - TRANSPARENCIA PIHUAMO\" \/>\n<meta property=\"og:description\" content=\"Programa Estrat\u00e9gico Preliminar JIRCO 2012-2015 (19 sep 12).docx transparencia.info.jalisco.gob.mx\/sites\/default\/files\/\/plan_de_desarrollo_region_05_sureste_vp1_6.pdf transparencia.info.jalisco.gob.mx\/sites\/default\/files\/\/fondereg2014_0.pdf DOFJ11-22-14-xii.pdf Convenio Desarrollo Regional 20140001_2.pdf\" \/>\n<meta property=\"og:url\" content=\"https:\/\/transparencia.pihuamo.gob.mx\/index.php\/e-los-programas-regionales\/\" \/>\n<meta property=\"og:site_name\" content=\"TRANSPARENCIA PIHUAMO\" \/>\n<meta name=\"twitter:card\" content=\"summary_large_image\" \/>\n<meta name=\"twitter:label1\" content=\"Tiempo de lectura\" \/>\n\t<meta name=\"twitter:data1\" content=\"1 minuto\" \/>\n<script type=\"application\/ld+json\" class=\"yoast-schema-graph\">{\"@context\":\"https:\/\/schema.org\",\"@graph\":[{\"@type\":\"WebPage\",\"@id\":\"https:\/\/transparencia.pihuamo.gob.mx\/index.php\/e-los-programas-regionales\/\",\"url\":\"https:\/\/transparencia.pihuamo.gob.mx\/index.php\/e-los-programas-regionales\/\",\"name\":\"e) Los programas regionales; - TRANSPARENCIA PIHUAMO\",\"isPartOf\":{\"@id\":\"https:\/\/transparencia.pihuamo.gob.mx\/#website\"},\"datePublished\":\"2025-08-08T20:42:30+00:00\",\"breadcrumb\":{\"@id\":\"https:\/\/transparencia.pihuamo.gob.mx\/index.php\/e-los-programas-regionales\/#breadcrumb\"},\"inLanguage\":\"es\",\"potentialAction\":[{\"@type\":\"ReadAction\",\"target\":[\"https:\/\/transparencia.pihuamo.gob.mx\/index.php\/e-los-programas-regionales\/\"]}]},{\"@type\":\"BreadcrumbList\",\"@id\":\"https:\/\/transparencia.pihuamo.gob.mx\/index.php\/e-los-programas-regionales\/#breadcrumb\",\"itemListElement\":[{\"@type\":\"ListItem\",\"position\":1,\"name\":\"Portada\",\"item\":\"https:\/\/transparencia.pihuamo.gob.mx\/\"},{\"@type\":\"ListItem\",\"position\":2,\"name\":\"e) Los programas regionales;\"}]},{\"@type\":\"WebSite\",\"@id\":\"https:\/\/transparencia.pihuamo.gob.mx\/#website\",\"url\":\"https:\/\/transparencia.pihuamo.gob.mx\/\",\"name\":\"TRANSPARENCIA PIHUAMO\",\"description\":\"La Unidad de Transparencia del gobierno de Pihuamo, es el \u00e1rea encargada de recabar y difundir la informaci\u00f3n p\u00fablica relativa a las obligaciones de transparencia, recibir y dar tr\u00e1mite las solicitudes de acceso a la informaci\u00f3n.\",\"publisher\":{\"@id\":\"https:\/\/transparencia.pihuamo.gob.mx\/#organization\"},\"potentialAction\":[{\"@type\":\"SearchAction\",\"target\":{\"@type\":\"EntryPoint\",\"urlTemplate\":\"https:\/\/transparencia.pihuamo.gob.mx\/?s={search_term_string}\"},\"query-input\":{\"@type\":\"PropertyValueSpecification\",\"valueRequired\":true,\"valueName\":\"search_term_string\"}}],\"inLanguage\":\"es\"},{\"@type\":\"Organization\",\"@id\":\"https:\/\/transparencia.pihuamo.gob.mx\/#organization\",\"name\":\"TRANSPARENCIA PIHUAMO\",\"url\":\"https:\/\/transparencia.pihuamo.gob.mx\/\",\"logo\":{\"@type\":\"ImageObject\",\"inLanguage\":\"es\",\"@id\":\"https:\/\/transparencia.pihuamo.gob.mx\/#\/schema\/logo\/image\/\",\"url\":\"https:\/\/transparencia.pihuamo.gob.mx\/wp-content\/uploads\/2025\/07\/cropped-LOGO-AYUNTAMIENTO_Mesa-de-trabajo-1-scaled-1.png\",\"contentUrl\":\"https:\/\/transparencia.pihuamo.gob.mx\/wp-content\/uploads\/2025\/07\/cropped-LOGO-AYUNTAMIENTO_Mesa-de-trabajo-1-scaled-1.png\",\"width\":1976,\"height\":306,\"caption\":\"TRANSPARENCIA PIHUAMO\"},\"image\":{\"@id\":\"https:\/\/transparencia.pihuamo.gob.mx\/#\/schema\/logo\/image\/\"}}]}<\/script>\n<!-- \/ Yoast SEO plugin. -->","yoast_head_json":{"title":"e) Los programas regionales; - TRANSPARENCIA PIHUAMO","robots":{"index":"index","follow":"follow","max-snippet":"max-snippet:-1","max-image-preview":"max-image-preview:large","max-video-preview":"max-video-preview:-1"},"canonical":"https:\/\/transparencia.pihuamo.gob.mx\/index.php\/e-los-programas-regionales\/","og_locale":"es_ES","og_type":"article","og_title":"e) Los programas regionales; - TRANSPARENCIA PIHUAMO","og_description":"Programa Estrat\u00e9gico Preliminar JIRCO 2012-2015 (19 sep 12).docx transparencia.info.jalisco.gob.mx\/sites\/default\/files\/\/plan_de_desarrollo_region_05_sureste_vp1_6.pdf transparencia.info.jalisco.gob.mx\/sites\/default\/files\/\/fondereg2014_0.pdf DOFJ11-22-14-xii.pdf Convenio Desarrollo Regional 20140001_2.pdf","og_url":"https:\/\/transparencia.pihuamo.gob.mx\/index.php\/e-los-programas-regionales\/","og_site_name":"TRANSPARENCIA PIHUAMO","twitter_card":"summary_large_image","twitter_misc":{"Tiempo de lectura":"1 minuto"},"schema":{"@context":"https:\/\/schema.org","@graph":[{"@type":"WebPage","@id":"https:\/\/transparencia.pihuamo.gob.mx\/index.php\/e-los-programas-regionales\/","url":"https:\/\/transparencia.pihuamo.gob.mx\/index.php\/e-los-programas-regionales\/","name":"e) Los programas regionales; - TRANSPARENCIA PIHUAMO","isPartOf":{"@id":"https:\/\/transparencia.pihuamo.gob.mx\/#website"},"datePublished":"2025-08-08T20:42:30+00:00","breadcrumb":{"@id":"https:\/\/transparencia.pihuamo.gob.mx\/index.php\/e-los-programas-regionales\/#breadcrumb"},"inLanguage":"es","potentialAction":[{"@type":"ReadAction","target":["https:\/\/transparencia.pihuamo.gob.mx\/index.php\/e-los-programas-regionales\/"]}]},{"@type":"BreadcrumbList","@id":"https:\/\/transparencia.pihuamo.gob.mx\/index.php\/e-los-programas-regionales\/#breadcrumb","itemListElement":[{"@type":"ListItem","position":1,"name":"Portada","item":"https:\/\/transparencia.pihuamo.gob.mx\/"},{"@type":"ListItem","position":2,"name":"e) Los programas regionales;"}]},{"@type":"WebSite","@id":"https:\/\/transparencia.pihuamo.gob.mx\/#website","url":"https:\/\/transparencia.pihuamo.gob.mx\/","name":"TRANSPARENCIA PIHUAMO","description":"La Unidad de Transparencia del gobierno de Pihuamo, es el \u00e1rea encargada de recabar y difundir la informaci\u00f3n p\u00fablica relativa a las obligaciones de transparencia, recibir y dar tr\u00e1mite las solicitudes de acceso a la informaci\u00f3n.","publisher":{"@id":"https:\/\/transparencia.pihuamo.gob.mx\/#organization"},"potentialAction":[{"@type":"SearchAction","target":{"@type":"EntryPoint","urlTemplate":"https:\/\/transparencia.pihuamo.gob.mx\/?s={search_term_string}"},"query-input":{"@type":"PropertyValueSpecification","valueRequired":true,"valueName":"search_term_string"}}],"inLanguage":"es"},{"@type":"Organization","@id":"https:\/\/transparencia.pihuamo.gob.mx\/#organization","name":"TRANSPARENCIA PIHUAMO","url":"https:\/\/transparencia.pihuamo.gob.mx\/","logo":{"@type":"ImageObject","inLanguage":"es","@id":"https:\/\/transparencia.pihuamo.gob.mx\/#\/schema\/logo\/image\/","url":"https:\/\/transparencia.pihuamo.gob.mx\/wp-content\/uploads\/2025\/07\/cropped-LOGO-AYUNTAMIENTO_Mesa-de-trabajo-1-scaled-1.png","contentUrl":"https:\/\/transparencia.pihuamo.gob.mx\/wp-content\/uploads\/2025\/07\/cropped-LOGO-AYUNTAMIENTO_Mesa-de-trabajo-1-scaled-1.png","width":1976,"height":306,"caption":"TRANSPARENCIA PIHUAMO"},"image":{"@id":"https:\/\/transparencia.pihuamo.gob.mx\/#\/schema\/logo\/image\/"}}]}},"_links":{"self":[{"href":"https:\/\/transparencia.pihuamo.gob.mx\/index.php\/wp-json\/wp\/v2\/pages\/112","targetHints":{"allow":["GET"]}}],"collection":[{"href":"https:\/\/transparencia.pihuamo.gob.mx\/index.php\/wp-json\/wp\/v2\/pages"}],"about":[{"href":"https:\/\/transparencia.pihuamo.gob.mx\/index.php\/wp-json\/wp\/v2\/types\/page"}],"author":[{"embeddable":true,"href":"https:\/\/transparencia.pihuamo.gob.mx\/index.php\/wp-json\/wp\/v2\/users\/1"}],"replies":[{"embeddable":true,"href":"https:\/\/transparencia.pihuamo.gob.mx\/index.php\/wp-json\/wp\/v2\/comments?post=112"}],"version-history":[{"count":1,"href":"https:\/\/transparencia.pihuamo.gob.mx\/index.php\/wp-json\/wp\/v2\/pages\/112\/revisions"}],"predecessor-version":[{"id":113,"href":"https:\/\/transparencia.pihuamo.gob.mx\/index.php\/wp-json\/wp\/v2\/pages\/112\/revisions\/113"}],"wp:attachment":[{"href":"https:\/\/transparencia.pihuamo.gob.mx\/index.php\/wp-json\/wp\/v2\/media?parent=112"}],"curies":[{"name":"wp","href":"https:\/\/api.w.org\/{rel}","templated":true}]}}