{"id":40,"date":"2025-07-25T16:41:59","date_gmt":"2025-07-25T16:41:59","guid":{"rendered":"https:\/\/transparencia.pihuamo.gob.mx\/?page_id=40"},"modified":"2025-07-25T16:41:59","modified_gmt":"2025-07-25T16:41:59","slug":"vi-la-informacion-sobre-la-gestion-publica-que-comprende","status":"publish","type":"page","link":"https:\/\/transparencia.pihuamo.gob.mx\/index.php\/vi-la-informacion-sobre-la-gestion-publica-que-comprende\/","title":{"rendered":"VI. La informaci\u00f3n sobre la gesti\u00f3n p\u00fablica, que comprende:"},"content":{"rendered":"<p>a) Las funciones p\u00fablicas que realiza el sujeto obligado, donde se se\u00f1ale cuando menos el<br \/>\nfundamento legal, la descripci\u00f3n de la funci\u00f3n p\u00fablica, as\u00ed como los recursos materiales, humanos<br \/>\ny financieros asignados para la realizaci\u00f3n de la funci\u00f3n p\u00fablica;<br \/>\nb) Los servicios p\u00fablicos que presta el sujeto obligado, donde se se\u00f1ale cuando menos la<br \/>\ndescripci\u00f3n y cobertura del servicio p\u00fablico; los recursos materiales, humanos y financieros<br \/>\nasignados para la prestaci\u00f3n del servicio p\u00fablico, y el n\u00famero y tipo de beneficiarios directos e<br \/>\nindirectos del servicio p\u00fablico;<br \/>\nc) Las obras p\u00fablicas que realiza el sujeto obligado, de cuando menos los \u00faltimos tres a\u00f1os, donde<br \/>\nse se\u00f1ale cuando menos la descripci\u00f3n y ubicaci\u00f3n de la obra; el ejecutor y supervisor de la obra;<br \/>\nel costo inicial y final; la superficie construida por metros cuadrados; costo por metro cuadrado; su<br \/>\nrelaci\u00f3n con los instrumentos de planeaci\u00f3n del desarrollo, y el n\u00famero y tipo de beneficiarios<br \/>\ndirectos e indirectos de la obra;<br \/>\nd) Los programas sociales que aplica el sujeto obligado, de cuando menos los \u00faltimos tres a\u00f1os,<br \/>\ndonde se se\u00f1ale cuando menos los objetivos, metas, presupuesto y reglas de operaci\u00f3n del<br \/>\nprograma; los requisitos, tr\u00e1mites y formatos para ser beneficiario; la entidad p\u00fablica ejecutora, el<br \/>\nresponsable directo, n\u00famero de personal que lo aplica y el costo de operaci\u00f3n del programa; el<br \/>\npadr\u00f3n de beneficiarios del programa, y la medici\u00f3n de avances de la ejecuci\u00f3n del gasto, y el<br \/>\ncumplimiento de metas y objetivos del programa, incluida la metodolog\u00eda empleada;<br \/>\ne) Las pol\u00edticas p\u00fablicas que elabora y aplica el sujeto obligado, de cuando menos los \u00faltimos tres<br \/>\na\u00f1os;<br \/>\nf) Los convenios, contratos y dem\u00e1s instrumentos jur\u00eddicos suscritos por el sujeto obligado, de<br \/>\ncuando menos los \u00faltimos tres a\u00f1os;<br \/>\ng) Las concesiones, licencias, permisos, autorizaciones y dem\u00e1s actos administrativos otorgados<br \/>\npor el sujeto obligado, de cuando menos los \u00faltimos tres a\u00f1os, en el que se incluyan los requisitos<br \/>\npara acceder a ellos y, en su caso, los formatos correspondientes;<br \/>\nh) La agenda diaria de actividades del sujeto obligado, de cuando menos el \u00faltimo mes;<br \/>\ni) El lugar, d\u00eda y hora de las todas las reuniones o sesiones de sus \u00f3rganos colegiados, junto con el<br \/>\norden del d\u00eda y una relaci\u00f3n detallada de los asuntos a tratar, as\u00ed como la indicaci\u00f3n del lugar y<br \/>\nforma en que se puedan consultar los documentos p\u00fablicos relativos, con cuando menos<br \/>\nveinticuatro horas anteriores a la celebraci\u00f3n de dicha reuni\u00f3n o sesi\u00f3n;<br \/>\nj) Las versiones estenogr\u00e1ficas, as\u00ed como las actas o minutas de las reuniones o sesiones de sus<br \/>\n\u00f3rganos colegiados;<br \/>\nk) La integraci\u00f3n, la regulaci\u00f3n b\u00e1sica y las actas de las reuniones de los consejos ciudadanos<br \/>\nreconocidos oficialmente por el sujeto obligado con el prop\u00f3sito de que la ciudadan\u00eda participe o<br \/>\nvigile la actividad de sus \u00f3rganos y dependencias;<br \/>\nl) Los informes trimestrales y anuales de actividades del sujeto obligado, de cuando menos los<br \/>\n\u00faltimos tres a\u00f1os;<br \/>\nm) Las recomendaciones emitidas por los \u00f3rganos p\u00fablicos del Estado mexicano u organismos<br \/>\ninternacionales garantes de los derechos humanos, as\u00ed como las acciones que han llevado a cabo<br \/>\npara su atenci\u00f3n; y<br \/>\nn) Las estad\u00edsticas que generen en cumplimiento de sus facultades, competencias o funciones con<br \/>\nla mayor desagregaci\u00f3n posible;<\/p>\n","protected":false},"excerpt":{"rendered":"<p>a) Las funciones p\u00fablicas que realiza el sujeto obligado, donde se se\u00f1ale cuando menos el fundamento legal, la descripci\u00f3n de la funci\u00f3n p\u00fablica, as\u00ed como los recursos materiales, humanos y financieros asignados para la realizaci\u00f3n de la funci\u00f3n p\u00fablica; b) Los servicios p\u00fablicos que presta el sujeto obligado, donde se se\u00f1ale cuando menos la descripci\u00f3n [&hellip;]<\/p>\n","protected":false},"author":1,"featured_media":0,"parent":0,"menu_order":0,"comment_status":"closed","ping_status":"closed","template":"","meta":{"footnotes":""},"class_list":["post-40","page","type-page","status-publish","hentry"],"yoast_head":"<!-- This site is optimized with the Yoast SEO plugin v25.5 - https:\/\/yoast.com\/wordpress\/plugins\/seo\/ -->\n<title>VI. La informaci\u00f3n sobre la gesti\u00f3n p\u00fablica, que comprende: - TRANSPARENCIA PIHUAMO<\/title>\n<meta name=\"robots\" content=\"index, follow, max-snippet:-1, max-image-preview:large, max-video-preview:-1\" \/>\n<link rel=\"canonical\" href=\"https:\/\/transparencia.pihuamo.gob.mx\/index.php\/vi-la-informacion-sobre-la-gestion-publica-que-comprende\/\" \/>\n<meta property=\"og:locale\" content=\"es_ES\" \/>\n<meta property=\"og:type\" content=\"article\" \/>\n<meta property=\"og:title\" content=\"VI. La informaci\u00f3n sobre la gesti\u00f3n p\u00fablica, que comprende: - TRANSPARENCIA PIHUAMO\" \/>\n<meta property=\"og:description\" content=\"a) Las funciones p\u00fablicas que realiza el sujeto obligado, donde se se\u00f1ale cuando menos el fundamento legal, la descripci\u00f3n de la funci\u00f3n p\u00fablica, as\u00ed como los recursos materiales, humanos y financieros asignados para la realizaci\u00f3n de la funci\u00f3n p\u00fablica; b) Los servicios p\u00fablicos que presta el sujeto obligado, donde se se\u00f1ale cuando menos la descripci\u00f3n [&hellip;]\" \/>\n<meta property=\"og:url\" content=\"https:\/\/transparencia.pihuamo.gob.mx\/index.php\/vi-la-informacion-sobre-la-gestion-publica-que-comprende\/\" \/>\n<meta property=\"og:site_name\" content=\"TRANSPARENCIA PIHUAMO\" \/>\n<meta name=\"twitter:card\" content=\"summary_large_image\" \/>\n<meta name=\"twitter:label1\" content=\"Tiempo de lectura\" \/>\n\t<meta name=\"twitter:data1\" content=\"3 minutos\" \/>\n<script type=\"application\/ld+json\" class=\"yoast-schema-graph\">{\"@context\":\"https:\/\/schema.org\",\"@graph\":[{\"@type\":\"WebPage\",\"@id\":\"https:\/\/transparencia.pihuamo.gob.mx\/index.php\/vi-la-informacion-sobre-la-gestion-publica-que-comprende\/\",\"url\":\"https:\/\/transparencia.pihuamo.gob.mx\/index.php\/vi-la-informacion-sobre-la-gestion-publica-que-comprende\/\",\"name\":\"VI. La informaci\u00f3n sobre la gesti\u00f3n p\u00fablica, que comprende: - TRANSPARENCIA PIHUAMO\",\"isPartOf\":{\"@id\":\"https:\/\/transparencia.pihuamo.gob.mx\/#website\"},\"datePublished\":\"2025-07-25T16:41:59+00:00\",\"breadcrumb\":{\"@id\":\"https:\/\/transparencia.pihuamo.gob.mx\/index.php\/vi-la-informacion-sobre-la-gestion-publica-que-comprende\/#breadcrumb\"},\"inLanguage\":\"es\",\"potentialAction\":[{\"@type\":\"ReadAction\",\"target\":[\"https:\/\/transparencia.pihuamo.gob.mx\/index.php\/vi-la-informacion-sobre-la-gestion-publica-que-comprende\/\"]}]},{\"@type\":\"BreadcrumbList\",\"@id\":\"https:\/\/transparencia.pihuamo.gob.mx\/index.php\/vi-la-informacion-sobre-la-gestion-publica-que-comprende\/#breadcrumb\",\"itemListElement\":[{\"@type\":\"ListItem\",\"position\":1,\"name\":\"Portada\",\"item\":\"https:\/\/transparencia.pihuamo.gob.mx\/\"},{\"@type\":\"ListItem\",\"position\":2,\"name\":\"VI. La informaci\u00f3n sobre la gesti\u00f3n p\u00fablica, que comprende:\"}]},{\"@type\":\"WebSite\",\"@id\":\"https:\/\/transparencia.pihuamo.gob.mx\/#website\",\"url\":\"https:\/\/transparencia.pihuamo.gob.mx\/\",\"name\":\"TRANSPARENCIA PIHUAMO\",\"description\":\"La Unidad de Transparencia del gobierno de Pihuamo, es el \u00e1rea encargada de recabar y difundir la informaci\u00f3n p\u00fablica relativa a las obligaciones de transparencia, recibir y dar tr\u00e1mite las solicitudes de acceso a la informaci\u00f3n.\",\"publisher\":{\"@id\":\"https:\/\/transparencia.pihuamo.gob.mx\/#organization\"},\"potentialAction\":[{\"@type\":\"SearchAction\",\"target\":{\"@type\":\"EntryPoint\",\"urlTemplate\":\"https:\/\/transparencia.pihuamo.gob.mx\/?s={search_term_string}\"},\"query-input\":{\"@type\":\"PropertyValueSpecification\",\"valueRequired\":true,\"valueName\":\"search_term_string\"}}],\"inLanguage\":\"es\"},{\"@type\":\"Organization\",\"@id\":\"https:\/\/transparencia.pihuamo.gob.mx\/#organization\",\"name\":\"TRANSPARENCIA PIHUAMO\",\"url\":\"https:\/\/transparencia.pihuamo.gob.mx\/\",\"logo\":{\"@type\":\"ImageObject\",\"inLanguage\":\"es\",\"@id\":\"https:\/\/transparencia.pihuamo.gob.mx\/#\/schema\/logo\/image\/\",\"url\":\"https:\/\/transparencia.pihuamo.gob.mx\/wp-content\/uploads\/2025\/07\/cropped-LOGO-AYUNTAMIENTO_Mesa-de-trabajo-1-scaled-1.png\",\"contentUrl\":\"https:\/\/transparencia.pihuamo.gob.mx\/wp-content\/uploads\/2025\/07\/cropped-LOGO-AYUNTAMIENTO_Mesa-de-trabajo-1-scaled-1.png\",\"width\":1976,\"height\":306,\"caption\":\"TRANSPARENCIA PIHUAMO\"},\"image\":{\"@id\":\"https:\/\/transparencia.pihuamo.gob.mx\/#\/schema\/logo\/image\/\"}}]}<\/script>\n<!-- \/ Yoast SEO plugin. -->","yoast_head_json":{"title":"VI. La informaci\u00f3n sobre la gesti\u00f3n p\u00fablica, que comprende: - TRANSPARENCIA PIHUAMO","robots":{"index":"index","follow":"follow","max-snippet":"max-snippet:-1","max-image-preview":"max-image-preview:large","max-video-preview":"max-video-preview:-1"},"canonical":"https:\/\/transparencia.pihuamo.gob.mx\/index.php\/vi-la-informacion-sobre-la-gestion-publica-que-comprende\/","og_locale":"es_ES","og_type":"article","og_title":"VI. La informaci\u00f3n sobre la gesti\u00f3n p\u00fablica, que comprende: - TRANSPARENCIA PIHUAMO","og_description":"a) Las funciones p\u00fablicas que realiza el sujeto obligado, donde se se\u00f1ale cuando menos el fundamento legal, la descripci\u00f3n de la funci\u00f3n p\u00fablica, as\u00ed como los recursos materiales, humanos y financieros asignados para la realizaci\u00f3n de la funci\u00f3n p\u00fablica; b) Los servicios p\u00fablicos que presta el sujeto obligado, donde se se\u00f1ale cuando menos la descripci\u00f3n [&hellip;]","og_url":"https:\/\/transparencia.pihuamo.gob.mx\/index.php\/vi-la-informacion-sobre-la-gestion-publica-que-comprende\/","og_site_name":"TRANSPARENCIA PIHUAMO","twitter_card":"summary_large_image","twitter_misc":{"Tiempo de lectura":"3 minutos"},"schema":{"@context":"https:\/\/schema.org","@graph":[{"@type":"WebPage","@id":"https:\/\/transparencia.pihuamo.gob.mx\/index.php\/vi-la-informacion-sobre-la-gestion-publica-que-comprende\/","url":"https:\/\/transparencia.pihuamo.gob.mx\/index.php\/vi-la-informacion-sobre-la-gestion-publica-que-comprende\/","name":"VI. La informaci\u00f3n sobre la gesti\u00f3n p\u00fablica, que comprende: - TRANSPARENCIA PIHUAMO","isPartOf":{"@id":"https:\/\/transparencia.pihuamo.gob.mx\/#website"},"datePublished":"2025-07-25T16:41:59+00:00","breadcrumb":{"@id":"https:\/\/transparencia.pihuamo.gob.mx\/index.php\/vi-la-informacion-sobre-la-gestion-publica-que-comprende\/#breadcrumb"},"inLanguage":"es","potentialAction":[{"@type":"ReadAction","target":["https:\/\/transparencia.pihuamo.gob.mx\/index.php\/vi-la-informacion-sobre-la-gestion-publica-que-comprende\/"]}]},{"@type":"BreadcrumbList","@id":"https:\/\/transparencia.pihuamo.gob.mx\/index.php\/vi-la-informacion-sobre-la-gestion-publica-que-comprende\/#breadcrumb","itemListElement":[{"@type":"ListItem","position":1,"name":"Portada","item":"https:\/\/transparencia.pihuamo.gob.mx\/"},{"@type":"ListItem","position":2,"name":"VI. La informaci\u00f3n sobre la gesti\u00f3n p\u00fablica, que comprende:"}]},{"@type":"WebSite","@id":"https:\/\/transparencia.pihuamo.gob.mx\/#website","url":"https:\/\/transparencia.pihuamo.gob.mx\/","name":"TRANSPARENCIA PIHUAMO","description":"La Unidad de Transparencia del gobierno de Pihuamo, es el \u00e1rea encargada de recabar y difundir la informaci\u00f3n p\u00fablica relativa a las obligaciones de transparencia, recibir y dar tr\u00e1mite las solicitudes de acceso a la informaci\u00f3n.","publisher":{"@id":"https:\/\/transparencia.pihuamo.gob.mx\/#organization"},"potentialAction":[{"@type":"SearchAction","target":{"@type":"EntryPoint","urlTemplate":"https:\/\/transparencia.pihuamo.gob.mx\/?s={search_term_string}"},"query-input":{"@type":"PropertyValueSpecification","valueRequired":true,"valueName":"search_term_string"}}],"inLanguage":"es"},{"@type":"Organization","@id":"https:\/\/transparencia.pihuamo.gob.mx\/#organization","name":"TRANSPARENCIA PIHUAMO","url":"https:\/\/transparencia.pihuamo.gob.mx\/","logo":{"@type":"ImageObject","inLanguage":"es","@id":"https:\/\/transparencia.pihuamo.gob.mx\/#\/schema\/logo\/image\/","url":"https:\/\/transparencia.pihuamo.gob.mx\/wp-content\/uploads\/2025\/07\/cropped-LOGO-AYUNTAMIENTO_Mesa-de-trabajo-1-scaled-1.png","contentUrl":"https:\/\/transparencia.pihuamo.gob.mx\/wp-content\/uploads\/2025\/07\/cropped-LOGO-AYUNTAMIENTO_Mesa-de-trabajo-1-scaled-1.png","width":1976,"height":306,"caption":"TRANSPARENCIA PIHUAMO"},"image":{"@id":"https:\/\/transparencia.pihuamo.gob.mx\/#\/schema\/logo\/image\/"}}]}},"_links":{"self":[{"href":"https:\/\/transparencia.pihuamo.gob.mx\/index.php\/wp-json\/wp\/v2\/pages\/40","targetHints":{"allow":["GET"]}}],"collection":[{"href":"https:\/\/transparencia.pihuamo.gob.mx\/index.php\/wp-json\/wp\/v2\/pages"}],"about":[{"href":"https:\/\/transparencia.pihuamo.gob.mx\/index.php\/wp-json\/wp\/v2\/types\/page"}],"author":[{"embeddable":true,"href":"https:\/\/transparencia.pihuamo.gob.mx\/index.php\/wp-json\/wp\/v2\/users\/1"}],"replies":[{"embeddable":true,"href":"https:\/\/transparencia.pihuamo.gob.mx\/index.php\/wp-json\/wp\/v2\/comments?post=40"}],"version-history":[{"count":1,"href":"https:\/\/transparencia.pihuamo.gob.mx\/index.php\/wp-json\/wp\/v2\/pages\/40\/revisions"}],"predecessor-version":[{"id":41,"href":"https:\/\/transparencia.pihuamo.gob.mx\/index.php\/wp-json\/wp\/v2\/pages\/40\/revisions\/41"}],"wp:attachment":[{"href":"https:\/\/transparencia.pihuamo.gob.mx\/index.php\/wp-json\/wp\/v2\/media?parent=40"}],"curies":[{"name":"wp","href":"https:\/\/api.w.org\/{rel}","templated":true}]}}